it of 121242?
1
What is the units digit of 4380?
0
What is the hundreds digit of 15599?
5
What is the hundreds digit of 7821?
8
What is the thousands digit of 13860?
3
What is the tens digit of 69307?
0
What is the thousands digit of 34453?
4
What is the tens digit of 7076?
7
What is the hundreds digit of 15722?
7
What is the tens digit of 1710?
1
What is the hundreds digit of 17292?
2
What is the tens digit of 203?
0
What is the units digit of 1531?
1
What is the hundreds digit of 2210?
2
What is the tens digit of 1935?
3
What is the units digit of 814?
4
What is the thousands digit of 38792?
8
What is the tens digit of 182740?
4
What is the thousands digit of 65991?
5
What is the hundreds digit of 173166?
1
What is the tens digit of 45347?
4
What is the units digit of 1168?
8
What is the tens digit of 67902?
0
What is the ten thousands digit of 115557?
1
What is the units digit of 1406?
6
What is the units digit of 901?
1
What is the units digit of 1170?
0
What is the tens digit of 1532?
3
What is the hundreds digit of 5092?
0
What is the hundreds digit of 763?
7
What is the hundreds digit of 54604?
6
What is the hundreds digit of 103?
1
What is the thousands digit of 5718?
5
What is the hundreds digit of 27292?
2
What is the hundreds digit of 339?
3
What is the units digit of 23627?
7
What is the thousands digit of 12190?
2
What is the thousands digit of 47367?
7
What is the hundreds digit of 709?
7
What is the thousands digit of 9404?
9
What is the ten thousands digit of 27043?
2
What is the tens digit of 28207?
0
What is the thousands digit of 40315?
0
What is the units digit of 98960?
0
What is the hundreds digit of 3268?
2
What is the thousands digit of 5216?
5
What is the hundreds digit of 2280?
2
What is the hundreds digit of 8174?
1
What is the tens digit of 913?
1
What is the hundreds digit of 32486?
4
What is the units digit of 756?
6
What is the hundreds digit of 47535?
5
What is the thousands digit of 1516?
1
What is the thousands digit of 3181?
3
What is the units digit of 752?
2
What is the thousands digit of 59103?
9
What is the ten thousands digit of 109046?
0
What is the thousands digit of 25213?
5
What is the thousands digit of 65620?
5
What is the hundreds digit of 871?
8
What is the hundreds digit of 79701?
7
What is the units digit of 6923?
3
What is the tens digit of 12849?
4
What is the units digit of 16780?
0
What is the ten thousands digit of 13320?
1
What is the units digit of 4486?
6
What is the hundreds digit of 1701?
7
What is the thousands digit of 25592?
5
What is the hundreds digit of 788?
7
What is the units digit of 912?
2
What is the tens digit of 13284?
8
What is the hundreds digit of 2139?
1
What is the units digit of 148?
8
What is the thousands digit of 4674?
4
What is the hundreds digit of 49306?
3
What is the thousands digit of 9781?
9
What is the units digit of 560?
0
What is the hundreds digit of 9965?
9
What is the units digit of 2606?
6
What is the tens digit of 1823?
2
What is the tens digit of 3341?
4
What is the units digit of 1415?
5
What is the tens digit of 176?
7
What is the thousands digit of 109446?
9
What is the thousands digit of 2207?
2
What is the hundreds digit of 1779?
7
What is the thousands digit of 28611?
8
What is the units digit of 11458?
8
What is the thousands digit of 1384?
1
What is the tens digit of 2833?
3
What is the thousands digit of 116473?
6
What is the hundreds digit of 7177?
1
What is the tens digit of 690?
9
What is the units digit of 731?
1
What is the thousands digit of 1035?
1
What is the hundreds digit of 20366?
3
What is the thousands digit of 16115?
6
What is the hundreds digit of 147?
1
What is the tens digit of 6201?
0
What is the thousands digit of 38800?
8
What is the units digit of 123?
3
What is the hundreds digit of 61069?
0
What is the tens digit of 79381?
8
What is the hundreds digit of 3505?
5
What is the ten thousands digit of 36136?
3
What is the units digit of 1901?
1
What is the hundreds digit of 17679?
6
What is the tens digit of 3070?
7
What is the tens digit of 8613?
1
What is the tens digit of 5672?
7
What is the units digit of 3445?
5
What is the hundreds digit of 1160?
1
What is the thousands digit of 1673?
1
What is the tens digit of 5672?
7
What is the tens digit of 2533?
3
What is the tens digit of 1215?
1
What is the hundreds digit of 1633?
6
What is the thousands digit of 27814?
7
What is the ten thousands digit of 22117?
2
What is the hundreds digit of 88037?
0
What is the thousands digit of 1471?
1
What is the tens digit of 84675?
7
What is the units digit of 670?
0
What is the units digit of 12805?
5
What is the hundreds digit of 930?
9
What is the tens digit of 1963?
6
What is the units digit of 4083?
3
What is the hundreds digit of 238?
2
What is the hundreds digit of 2278?
2
What is the thousands digit of 4148?
4
What is the units digit of 49111?
1
What is the hundreds digit of 1745?
7
What is the tens digit of 4457?
5
What is the units digit of 457?
7
What is the hundreds digit of 502?
5
What is the thousands digit of 63127?
3
What is the units digit of 44?
4
What is the ten thousands digit of 10920?
1
What is the thousands digit of 121085?
1
What is the tens digit of 434?
3
What is the tens digit of 49913?
1
What is the hundred thousands digit of 152510?
1
What is the tens digit of 821?
2
What is the units digit of 1326?
6
What is the tens digit of 210?
1
What is the ten thousands digit of 56938?
5
What is the tens digit of 3735?
3
What is the thousands digit of 16397?
6
What is the hundreds digit of 6649?
6
What is the ten thousands digit of 43386?
4
What is the thousands digit of 1609?
1
What is the units digit of 900?
0
What is the ten thousands digit of 143574?
4
What is the thousands digit of 1967?
1
What is the hundreds digit of 1049?
0
What is the tens digit of 9945?
4
What is the units digit of 296?
6
What is the thousands digit of 2386?
2
What is the tens digit of 84375?
7
What is the thousands digit of 2789?
2
What is the units digit of 64425?
5
What is the tens digit of 1207?
0
What is the units digit of 21682?
2
What is the units digit of 523?
3
What is the tens digit of 2861?
6
What is the hundreds digit of 6634?
6
What is the thousands digit of 113973?
3
What is the hundreds digit of 3616?
6
What is the hundreds digit of 4670?
6
What is the thousands digit of 1990?
1
What is the units digit of 843?
3
What is the thousands digit of 3500?
3
What is the tens digit of 4606?
0
What is the units digit of 10050?
0
What is the thousands digit of 6532?
6
What is the units digit of 929?
9
What is the units digit of 4066?
6
What is the thousands digit of 4713?
4
What is the hundreds digit of 7845?
8
What is the tens digit of 1191?
9
What is the hundreds digit of 97228?
2
What is the hundreds digit of 794?
7
What is the thousands digit of 1678?
1
What is the units digit of 19580?
0
What is the tens digit of 1777?
7
What is the tens digit of 298?
9
What is the hundreds digit of 37833?
8
What is the ten thousands digit of 45743?
4
What is the hundreds digit of 1629?
6
What is the thousands digit of 5808?
5
What is the tens digit of 39?
3
What is the units digit of 948?
8
What is the tens digit of 1253?
5
What is the hundreds digit of 1650?
6
What is the tens digit of 776?
7
What is the hundreds digit of 385?
3
What is the tens digit of 1002?
0
What is the tens digit of 3575?
7
What is the hundreds digit of 4014?
0
What is the thousands digit of 13748?
3
What is the hundreds digit of 5587?
5
What is the tens digit of 10971?
7
What is the hundreds digit of 3415?
4
What is the thousands digit of 1060?
1
What is the units digit of 9094?
4
What is the thousands digit of 30540?
0
What is the units digit of 8672?
2
What is the units digit of 110681?
1
What is the thousands digit of 3201?
3
What is the units digit of 8873?
3
What is the units digit of 4222?
2
What is the tens digit of 1752?
5
What is the units digit of 3545?
5
What is the hundreds digit of 1109?
1
What is the hundreds digit of 20902?
9
What is the thousands digit of 143953?
3
What is the tens digit of 7300?
0
What is the tens digit of 2497?
9
What is the thousands digit of 1038?
1
What is the thousands digit of 4145?
4
What is the units digit of 493?
3
What is t